late the remainder when 7200926 is divided by 32.
30
Calculate the remainder when 236939 is divided by 59226.
35
Calculate the remainder when 881901 is divided by 912.
909
Calculate the remainder when 422202 is divided by 421939.
263
What is the remainder when 1009931 is divided by 26577?
5
Calculate the remainder when 566246 is divided by 479.
68
Calculate the remainder when 194795 is divided by 10952.
8611
Calculate the remainder when 357621 is divided by 58740.
5181
What is the remainder when 3259403 is divided by 651872?
43
What is the remainder when 330556 is divided by 41240?
636
What is the remainder when 3553401 is divided by 13511?
8
What is the remainder when 15481599 is divided by 19?
0
Calculate the remainder when 5402027 is divided by 708.
695
What is the remainder when 2267557 is divided by 23869?
2
Calculate the remainder when 638267 is divided by 8743.
28
Calculate the remainder when 4026047 is divided by 1342008.
23
What is the remainder when 135117 is divided by 1396?
1101
Calculate the remainder when 6388307 is divided by 38.
13
Calculate the remainder when 160092077 is divided by 63.
5
What is the remainder when 57406908 is divided by 11?
9
What is the remainder when 71617837 is divided by 341?
335
What is the remainder when 40709953 is divided by 855?
838
Calculate the remainder when 19538804 is divided by 78155.
54
Calculate the remainder when 747483 is divided by 373724.
35
What is the remainder when 9836756 is divided by 537?
527
What is the remainder when 4622418709 is divided by 8?
5
What is the remainder when 456299 is divided by 333?
89
What is the remainder when 54643 is divided by 785?
478
What is the remainder when 3088303 is divided by 205855?
478
What is the remainder when 1160344 is divided by 1245?
4
Calculate the remainder when 20538050 is divided by 395.
25
What is the remainder when 43532813 is divided by 1581?
1559
What is the remainder when 810707 is divided by 1696?
19
What is the remainder when 21078418 is divided by 110?
108
What is the remainder when 41956573 is divided by 15?
13
Calculate the remainder when 19418274 is divided by 2480.
2354
What is the remainder when 34399 is divided by 1468?
635
Calculate the remainder when 16317506 is divided by 7625.
6
Calculate the remainder when 42214 is divided by 36.
22
Calculate the remainder when 4731793 is divided by 3.
1
What is the remainder when 842970 is divided by 144?
138
What is the remainder when 10399758 is divided by 97194?
0
Calculate the remainder when 4721676 is divided by 384.
12
Calculate the remainder when 6525558 is divided by 3262767.
24
Calculate the remainder when 8859885 is divided by 4009.
4004
Calculate the remainder when 1298263 is divided by 1876.
71
Calculate the remainder when 2527173 is divided by 315849.
381
What is the remainder when 1154797 is divided by 24570?
7
What is the remainder when 21319840 is divided by 5329956?
16
Calculate the remainder when 2588126 is divided by 934.
12
What is the remainder when 265727 is divided by 129713?
6301
Calculate the remainder when 15497771 is divided by 5165906.
53
Calculate the remainder when 5771980 is divided by 1442993.
8
Calculate the remainder when 110925 is divided by 3288.
2421
What is the remainder when 27232896 is divided by 419?
410
Calculate the remainder when 51610 is divided by 51580.
30
Calculate the remainder when 14853307 is divided by 12.
7
Calculate the remainder when 28769 is divided by 3553.
345
What is the remainder when 16620 is divided by 7107?
2406
Calculate the remainder when 9816 is divided by 3116.
468
Calculate the remainder when 2853453 is divided by 104.
5
Calculate the remainder when 70672581 is divided by 3212390.
1
Calculate the remainder when 3760505 is divided by 1729.
1659
What is the remainder when 94101526 is divided by 8?
6
Calculate the remainder when 16838625 is divided by 400919.
27
Calculate the remainder when 1357181 is divided by 135718.
1
What is the remainder when 17832045 is divided by 2652?
2649
What is the remainder when 2662 is divided by 667?
661
Calculate the remainder when 211795 is divided by 70577.
64
What is the remainder when 231249 is divided by 297?
183
Calculate the remainder when 1507149 is divided by 2178.
2151
Calculate the remainder when 2726373 is divided by 139.
27
Calculate the remainder when 87016538 is divided by 37.
12
What is the remainder when 13312419 is divided by 484?
483
What is the remainder when 129167552 is divided by 107550?
2
What is the remainder when 58696357 is divided by 1614?
19
Calculate the remainder when 246671359 is divided by 2048.
2047
What is the remainder when 35655 is divided by 17747?
161
What is the remainder when 3636609 is divided by 519514?
11
Calculate the remainder when 15057 is divided by 4495.
1572
What is the remainder when 11149918 is divided by 28?
10
Calculate the remainder when 87756037 is divided by 46.
43
What is the remainder when 52337070 is divided by 267?
264
What is the remainder when 1072559 is divided by 127?
44
What is the remainder when 2227857 is divided by 858?
489
What is the remainder when 131858 is divided by 131028?
830
Calculate the remainder when 5394357 is divided by 189.
108
Calculate the remainder when 155866214 is divided by 44.
42
Calculate the remainder when 68909752 is divided by 5742479.
4
Calculate the remainder when 79016 is divided by 521.
345
What is the remainder when 22505 is divided by 32?
9
Calculate the remainder when 313212 is divided by 916.
856
What is the remainder when 21142200 is divided by 10571074?
52
Calculate the remainder when 503639 is divided by 62951.
31
What is the remainder when 167701482 is divided by 15?
12
What is the remainder when 1308203 is divided by 210?
113
Calculate the remainder when 110016 is divided by 1110.
126
What is the remainder when 1600068 is divided by 799988?
92
Calculate the remainder when 177956 is divided by 88357.
1242
Calculate the remainder when 1048490 is divided by 65529.
26
What is the remainder when 319898 is divided by 105746?
2660
What is the remainder when 9459461 is divided by 1736?
1733
What is the remainder when 2004696 is divided by 903?
36
What is the remainder when 1425896 is divided by 328?
80
What is the remainder when 14985772 is divided by 25?
22
Calculate the remainder when 31830 is divided by 15906.
18
What is the remainder when 419778 is divided by 2185?
258
What is the remainder when 135828 is divided by 1269?
45
Calculate the remainder when 64186428 is divided by 2070529.
29
What is the remainder when 25544 is divided by 1409?
182
Calculate the remainder when 371585 is divided by 61792.
833
What is the remainder when 287487 is divided by 1067?
464
Calculate the remainder when 59288381 is divided by 3055.
3051
What is the remainder when 63580 is divided by 335?
265
Calculate the remainder when 1270261534 is divided by 11774.
11770
What is the remainder when 22788 is divided by 4213?
1723
What is the remainder when 1416707 is divided by 4403?
3344
What is the remainder when 191951 is divided by 170?
21
What is the remainder when 8229499 is divided by 456?
67
What is the remainder when 68972089 is divided by 202?
199
What is the remainder when 229245 is divided by 2121?
177
Calculate the remainder when 285977 is divided by 14297.
37
What is the remainder when 8475764 is divided by 29?
21
What is the remainder when 2834087 is divided by 16874?
16129
Calculate the remainder when 288147 is divided by 17073.
14979
Calculate the remainder when 11645 is divided by 523.
139
What is the remainder when 535753 is divided by 89285?
43
Calculate the remainder when 25140 is divided by 16778.
8362
What is the remainder when 6033993 is divided by 181?
177
What is the remainder when 7221132 is divided by 4463?
4461
Calculate the remainder when 7960354 is divided by 2764.
34
What is the remainder when 120308 is divided by 916?
312
What is the remainder when 6857761 is divided by 3428878?
5
Calculate the remainder when 36187 is divided by 1031.
102
What is the remainder when 2635394 is divided by 337?
54
What is the remainder when 2944654 is divided by 1781?
661
Calculate the remainder when 2401954 is divided by 35.
9
Calculate the remainder when 357232048 is divided by 6671.
6669
Calculate th